{"id":276,"date":"2024-12-06T22:10:27","date_gmt":"2024-12-06T22:10:27","guid":{"rendered":"https:\/\/www.valvemar.cz\/?post_type=product&#038;p=276"},"modified":"2025-02-17T11:48:52","modified_gmt":"2025-02-17T11:48:52","slug":"nadoba-expanzni-sanitarni-8-l-8-bar-99c-m3-4","status":"publish","type":"product","link":"https:\/\/www.valvemar.cz\/?product=nadoba-expanzni-sanitarni-8-l-8-bar-99c-m3-4","title":{"rendered":"N\u00e1doba expanzn\u00ed sanit\u00e1rn\u00ed 8 l, 8 bar, 99\u00b0C, M3\/4&#8243;"},"content":{"rendered":"<p>N\u00e1doba expanzn\u00ed sanit\u00e1rn\u00ed VAREM Vexbal 8 litr\u016f, max. 8 bar, max. 99\u00b0C<\/p>\n<p>p\u0159ipojen\u00ed: vn\u011bj\u0161\u00ed z\u00e1vit 3\/4&#8243; &#8211; nerez<\/p>\n<p>materi\u00e1l: lakovan\u00fd plech z uhl\u00edkov\u00e9 oceli, vnit\u0159n\u00ed bezpe\u010dnostn\u00ed membr\u00e1na: butyl<\/p>\n<p>doporu\u010den\u00fd objem navazuj\u00edc\u00edho oh\u0159\u00edva\u010de vody: max. 100 litr\u016f<\/p>\n","protected":false},"excerpt":{"rendered":"<p>N\u00e1doba expanzn\u00ed sanit\u00e1rn\u00ed VAREM Vexbal 8 litr\u016f, max. 8 bar, max. 99\u00b0C p\u0159ipojen\u00ed: vn\u011bj\u0161\u00ed z\u00e1vit 3\/4&#8243; &#8211; nerez materi\u00e1l: lakovan\u00fd plech z uhl\u00edkov\u00e9 oceli, vnit\u0159n\u00ed bezpe\u010dnostn\u00ed membr\u00e1na: butyl doporu\u010den\u00fd objem navazuj\u00edc\u00edho oh\u0159\u00edva\u010de vody: max. 100 litr\u016f<\/p>\n","protected":false},"featured_media":277,"comment_status":"open","ping_status":"closed","template":"","meta":[],"product_brand":[],"product_cat":[45],"product_tag":[85,82,89,83,86,78,79,87,81,88,84],"class_list":{"0":"post-276","1":"product","2":"type-product","3":"status-publish","4":"has-post-thumbnail","6":"product_cat-expanzni-nadoby","7":"product_tag-3-4","8":"product_tag-8-bar","9":"product_tag-8-litru","10":"product_tag-99c","11":"product_tag-dn20","12":"product_tag-expanzni","13":"product_tag-nadoba","14":"product_tag-sanitarni","15":"product_tag-varem","16":"product_tag-vexbal","17":"product_tag-zavitove","19":"first","20":"instock","21":"taxable","22":"shipping-taxable","23":"purchasable","24":"product-type-simple"},"_links":{"self":[{"href":"https:\/\/www.valvemar.cz\/index.php?rest_route=\/wp\/v2\/product\/276","targetHints":{"allow":["GET"]}}],"collection":[{"href":"https:\/\/www.valvemar.cz\/index.php?rest_route=\/wp\/v2\/product"}],"about":[{"href":"https:\/\/www.valvemar.cz\/index.php?rest_route=\/wp\/v2\/types\/product"}],"replies":[{"embeddable":true,"href":"https:\/\/www.valvemar.cz\/index.php?rest_route=%2Fwp%2Fv2%2Fcomments&post=276"}],"wp:featuredmedia":[{"embeddable":true,"href":"https:\/\/www.valvemar.cz\/index.php?rest_route=\/wp\/v2\/media\/277"}],"wp:attachment":[{"href":"https:\/\/www.valvemar.cz\/index.php?rest_route=%2Fwp%2Fv2%2Fmedia&parent=276"}],"wp:term":[{"taxonomy":"product_brand","embeddable":true,"href":"https:\/\/www.valvemar.cz\/index.php?rest_route=%2Fwp%2Fv2%2Fproduct_brand&post=276"},{"taxonomy":"product_cat","embeddable":true,"href":"https:\/\/www.valvemar.cz\/index.php?rest_route=%2Fwp%2Fv2%2Fproduct_cat&post=276"},{"taxonomy":"product_tag","embeddable":true,"href":"https:\/\/www.valvemar.cz\/index.php?rest_route=%2Fwp%2Fv2%2Fproduct_tag&post=276"}],"curies":[{"name":"wp","href":"https:\/\/api.w.org\/{rel}","templated":true}]}}